it of v?
8
Suppose 37*q - 40*q - 3 = 0. Let d = 6 + q. Suppose 115 = d*g - 5*w, 8 = 5*w - 7. What is the tens digit of g?
2
Let d(h) = h**3 - 8*h**2 + h - 14. Let o be d(8). Let a(r) = r**3 + 7*r**2 + 8*r + 6. Let k be a(o). What is the tens digit of 2/k - (172/(-3))/4?
1
Let n = 38 + -32. Suppose 0 = 2*t - 4 - n. Suppose -3*y = t*i - 188, 6*i - 3*i - 126 = -2*y. What is the units digit of y?
6
Let y be 23 + -9 + 9 + -5. Suppose 0 = -33*s + 36*s - y. What is the units digit of s?
6
Let j be (3 - -302)*21/15. Let y = j + 94. What is the tens digit of y?
2
Let n(i) = 10*i + 2. Let z be n(-1). Let p(c) = 2*c**2 + 6*c + 5. Let v be p(z). Suppose t = 3*l - 3*t - 95, 3*l = -t + v. What is the units digit of l?
9
What is the thousands digit of (25*6774/90)/((-4)/(-60))?
8
Suppose 24*v - 206305 = 27*v - 14*v. What is the tens digit of v?
5
Let p = -87 + -1320. Let c = p - -2756. What is the units digit of c?
9
Suppose 6 = -3*m + 4*t, m - 2*m + 14 = 4*t. What is the hundreds digit of m*1/(-7) + 1570/7?
2
Let a = 64 - 70. Let w be 1/2 + 1737/a. Let b = 556 + w. What is the tens digit of b?
6
Suppose 0*x - 5*d - 1361 = -4*x, 2*d = 3*x - 1019. Suppose 0 = -3*q + 3*o + x, 2*q - 4*o = 124 + 94. What is the units digit of q?
7
Suppose 36 = 5*q - 4. Let v(t) = 2*t - 16. Let z be v(q). Suppose 10*o - 260 - 160 = z. What is the tens digit of o?
4
Suppose -4*z = -2*z + 2. What is the tens digit of (-12 + -1002)*z/2?
0
Suppose 0 = -2*t + x + 6, -24 = 2*t + 2*x - 36. Suppose 2*c = -3*a + 1100 - 48, -t*a - 3*c = -1403. What is the hundreds digit of a?
3
Let h be (-448)/3*72/(-48). Let g = h - 126. What is the tens digit of (g/(-6))/((-6)/18)?
4
Suppose 58*m - 34*m - 120840 = 0. What is the thousands digit of m?
5
Let m(q) be the first derivative of -583*q**2/2 - 41*q - 49. What is the tens digit of m(-3)?
0
What is the hundreds digit of (8/16*-10434)/(-6 - -3)?
7
Let f(t) = t**2 + 36. Let c be f(0). Let j be -3*(-20)/c*3. Suppose 2*u - 44 = -z, j*z - z = -5*u + 185. What is the units digit of z?
0
Let z(w) = -4*w**2 - 10*w - 5. Let q be z(-5). Let m be (-1 + 29)/((-22)/q). Suppose -3*j + m = -j. What is the tens digit of j?
3
Let x(p) = 2*p**2 + 16*p - 14. Let w be x(-9). What is the thousands digit of (w - 1)*-4*1556/(-16)?
1
Let t(q) = -6*q + 4. Let h be t(0). Let l(n) = 40*n**2 + 21*n - 78. What is the units digit of l(h)?
6
Let b(h) = h**3 + 4*h**2 - 2*h - 3. Let v be b(-4). Suppose -u + i + 15 = 0, -2*u + 12 = 9*i - v*i. Suppose 294 - u = 6*c. What is the units digit of c?
7
Let s = 2810 + -1447. What is the tens digit of s?
6
Let x be -24*((-6)/18)/((-4)/(-9)). Let g(y) = -12*y**2 + x*y**2 - 13 + 12*y + 3. What is the units digit of g(6)?
8
Let k(w) be the second derivative of 77*w**3/6 + 2*w**2 + 11*w. Let d be k(5). Suppose 10*z = d + 851. What is the tens digit of z?
2
Let z(m) = -5*m + 4. Let v be z(-5). Let s(y) = 9*y - 449. Let a be s(51). Suppose -9*g - v = -a*g. What is the units digit of g?
9
Let b(i) be the first derivative of -10*i**2 - 31*i + 9. Let s be b(-9). Let z = s + -45. What is the tens digit of z?
0
Let x(g) = -2*g**2 + 6*g + 6. Let l be x(6). Let k be (3/(l/(-4)))/((-7)/(-770)). Let b = -38 + k. What is the units digit of b?
6
Suppose 3*f + 12 = 6*f. Let g be (-7 - 0)*6/(-28)*f. What is the units digit of g + (-3 - (3 - 3))?
3
Let r be -5636*(-11)/44 + (2 - 8). Let v = r - -13. What is the hundreds digit of v?
4
Suppose 0 = 62*n - 35442 - 41624. What is the units digit of n?
3
Suppose 1433 - 233 = -75*z. Let r(u) = 1 - u**2 - 3*u + 5 - 20*u. What is the hundreds digit of r(z)?
1
Let g(c) be the second derivative of -c**4/12 - 49*c**3/6 + 29*c**2/2 + 76*c. What is the hundreds digit of g(-17)?
5
Let v be (12/21)/((8/28)/2). Suppose 3*y - 4088 = -v*y. What is the units digit of y?
4
Suppose -43*y = 63*y - 120734. What is the hundreds digit of y?
1
Let x(f) = -14*f**3 + 162*f**2 + 27*f - 16. What is the ten thousands digit of x(-9)?
2
Let m = -839 + 1178. Let n = m - 607. Let u = n + 430. What is the units digit of u?
2
Suppose 3*l - 8 = -2*c, -c - 4*c + l + 20 = 0. What is the units digit of (0 + -1)/(10/(-2710)) + c?
5
Let z(c) = 2*c + 2. Let n be z(-5). Let x be -4*((-334)/n + -4). Let u = 255 + x. What is the tens digit of u?
0
Let s = -14375 - -32239. What is the units digit of s?
4
Let x(n) = 2*n**2 + 16. Let g be x(0). What is the hundreds digit of 24/g*(-282)/(-9)*15?
7
Suppose 3*l - 2*n = 2*l + 5, 5*n - 15 = -3*l. Suppose l*q = 6*q - 288. What is the tens digit of q?
8
Let r(k) be the second derivative of k**3/6 + 5*k**2/2 + 36*k. Let a be r(-4). What is the tens digit of (17/a - -1)*(17 - 7)?
8
Let i(h) = -1324*h - 3687. What is the ten thousands digit of i(-29)?
3
Let x = -15 + 16. What is the units digit of (x/2)/(4 + (-12693)/3174)?
9
Suppose o + 7*u - 30447 = 9*u, 0 = 3*o + 4*u - 91291. What is the ten thousands digit of o?
3
What is the units digit of (2 + 3/(-9))*(-55374)/(-11)?
0
Suppose 17*i + 21*i = 232712. What is the tens digit of i?
2
Let o(f) = 212*f**2 - f - 43. What is the units digit of o(5)?
2
What is the thousands digit of 58749/9 + ((-80)/15)/(-16)?
6
Let f be 30744/(-720) + 3/(-10). Suppose 2*y + 3*y - 440 = 0. Let j = y + f. What is the tens digit of j?
4
Let w(o) = -o**3 + 12*o**2 + 13*o + 7. Let x be w(13). Suppose 216 = -5*m + x*m. What is the hundreds digit of m?
1
Suppose 3*j + 81701 = 5*n, 3*j - 5 - 4 = 0. What is the hundreds digit of n?
3
Let a = -1375 - -8550. What is the tens digit of a?
7
Let c = 16638 - 7240. What is the hundreds digit of c?
3
Suppose 9767 - 442843 = -9*s - 19*s. What is the ten thousands digit of s?
1
Let h = -66 + 39. Let a be 9/(h/6)*1/(-2). What is the units digit of -1 + 3/a + 6?
8
Let t = -55 - -7. Let j = t + 57. What is the units digit of 4/3*j/2?
6
What is the thousands digit of 5/6*-3*-4678?
1
Suppose -3*s = -j + 153, 4*j + 5*s = -j + 805. Let m = j + -14. What is the units digit of ((-116)/m)/((-1)/20)?
6
Suppose 34*v - 39*v + 2375 = 0. Suppose v = 3*a - 476. What is the units digit of a?
7
Let q = 3386 + -507. What is the tens digit of q?
7
Suppose 0 = -3*w - i - 1, 0*w = 3*w - 4*i - 4. Suppose 3 = -v - w*v, 0 = c - 5*v - 442. What is the hundreds digit of c?
4
Let t(b) = -b**2 + 17*b - 16. Suppose 3*c + j = 46, -j + 2*j - 1 = 0. Let o be t(c). Suppose 147 = o*y - 11*y. What is the units digit of y?
9
Let d(h) = 12*h + 78*h**2 + 28 + 68*h**2 + h - 106*h**2. What is the units digit of d(-5)?
3
Let u(y) = -37*y - 140 - 252 + 590 - 180 - 160. What is the thousands digit of u(-34)?
1
Let f = 25376 + -2781. What is the hundreds digit of f?
5
Suppose 5*a + 9572 = 2*p - 2943, 3 = 3*a. What is the hundreds digit of p?
2
Suppose -508 - 157 = -7*r. Suppose -4*o + 159 = -3*f, -3*o - f + r = -8. Suppose 0 = 4*v - 236 + o. What is the units digit of v?
0
What is the thousands digit of (-1590)/(-7)*24/(-252)*-49?
1
Let k(u) = -344*u + 1309. What is the units digit of k(-17)?
7
Let j = -21564 - -78243. What is the tens digit of j?
7
Let p = -1576 + 2752. Suppose -4*v = -p - 96. What is the units digit of v?
8
Suppose -94*h = -14*h - 13*h - 76782. What is the units digit of h?
6
Let v be (-13)/(-26) - (-5)/((-40)/(-12)). Suppose -v*j - 3575 = -5*z, z + 2*j = 4*z - 2145. What is the hundreds digit of z?
7
Let o be ((-7)/((-245)/(-84)))/((-2)/(-60)). Let v = -69 - o. What is the tens digit of 169 + (-12)/(-18)*-1*v?
6
Let f(s) = 3*s**2 + 10*s - 11. Let w(m) = 2*m**2 + 9*m - 11. Let p(g) = 3*f(g) - 4*w(g). Let z be (32/5)/1 - 24/60. What is the tens digit of p(z)?
1
Let f(y) = y**2 + y - 7. Let i be f(3). Let b(c) = -25*c + 24. Let t be b(i). Let a = -7 - t. What is the units digit of a?
4
Suppose 3 = 10*d - 27. Let g(u) = 7*u + 2 - 3*u**2 + 7*u**2 - 107*u**d + 0*u + 106*u**3. What is the tens digit of g(5)?
1
Suppose 113 + 122 = 5*g. Let s = g + 45. Let t = s - 0. What is the tens digit of t?
9
Let c be ((-49)/21)/7*(-6)/1. Let l = 54 + -38. Suppose 3*a - 2*i - l = -0*a, -3*i = 2*a - c. What is the units digit of a?
4
Suppose -14*o = 54681 - 177825. What is the units digit of o?
6
Suppose 7*u - 295470 = 50209 - 20858. What is the units digit of u?
3
Suppose 15*u + u + 1696 = 0. Let y = u - -161. What is the tens digit of y?
5
Suppose -15*x - 96*x - 304623 + 3441927 = 0. What is the 